{"id":994,"date":"2023-09-07T14:13:58","date_gmt":"2023-09-07T11:13:58","guid":{"rendered":"https:\/\/glasstechtrading.com\/?page_id=994"},"modified":"2023-09-07T14:20:29","modified_gmt":"2023-09-07T11:20:29","slug":"surdurulebilir-2","status":"publish","type":"page","link":"https:\/\/glasstechtrading.com\/index.php\/surdurulebilir-2\/","title":{"rendered":"S\u00fcrd\u00fcr\u00fclebilir"},"content":{"rendered":"\t\t<div data-elementor-type=\"wp-page\" data-elementor-id=\"994\" class=\"elementor elementor-994\" data-elementor-post-type=\"page\">\n\t\t\t\t\t\t\t\t\t<section class=\"elementor-section elementor-top-section elementor-element elementor-element-a618791 elementor-section-boxed elementor-section-height-default elementor-section-height-default\" data-id=\"a618791\" data-element_type=\"section\">\n\t\t\t\t\t\t<div class=\"elementor-container elementor-column-gap-default\">\n\t\t\t\t\t<div class=\"elementor-column elementor-col-100 elementor-top-column elementor-element elementor-element-70f7112\" data-id=\"70f7112\" data-element_type=\"column\">\n\t\t\t<div class=\"elementor-widget-wrap elementor-element-populated\">\n\t\t\t\t\t\t\t\t<div class=\"elementor-element elementor-element-633d1e0 elementor-cta--layout-image-left elementor-cta--skin-classic elementor-animated-content elementor-bg-transform elementor-bg-transform-zoom-in elementor-widget elementor-widget-call-to-action\" data-id=\"633d1e0\" data-element_type=\"widget\" data-widget_type=\"call-to-action.default\">\n\t\t\t\t<div class=\"elementor-widget-container\">\n\t\t\t<link rel=\"stylesheet\" href=\"https:\/\/glasstechtrading.com\/wp-content\/plugins\/elementor-pro\/assets\/css\/widget-call-to-action.min.css\">\t\t<div class=\"elementor-cta\">\n\t\t\t\t\t<div class=\"elementor-cta__bg-wrapper\">\n\t\t\t\t<div class=\"elementor-cta__bg elementor-bg\" style=\"background-image: url(https:\/\/glasstechtrading.com\/wp-content\/uploads\/2023\/09\/safety-first-sign-building-1024x683.jpg);\" role=\"img\" aria-label=\"safety-first-sign-building\"><\/div>\n\t\t\t\t<div class=\"elementor-cta__bg-overlay\"><\/div>\n\t\t\t<\/div>\n\t\t\t\t\t\t\t<div class=\"elementor-cta__content\">\n\t\t\t\t\n\t\t\t\t<h2 class=\"elementor-cta__title elementor-cta__content-item elementor-content-item\">\u0130SG POL\u0130T\u0130KASI<\/h2>\n\t\t\t\t\t\t\t\t\t<div class=\"elementor-cta__description elementor-cta__content-item elementor-content-item\">\n\t\t\t\t\t\tKAMACIO\u011eLU \u015eirketler Grubu, en \u00fcst kalitede \u00fcretim faaliyetlerini y\u00fcr\u00fct\u00fcrken \u00e7al\u0131\u015fanlar\u0131n\u0131n i\u015f sa\u011fl\u0131\u011f\u0131 ve g\u00fcvenli\u011finin istisnas\u0131z korunmas\u0131 ve \u00e7al\u0131\u015fma ortam\u0131n\u0131n s\u00fcrekli iyile\u015ftirilmesi hususunu ana ama\u00e7lar\u0131 aras\u0131nda saymaktad\u0131r. Bu ba\u011flamda a\u015fa\u011f\u0131daki hususlar\u0131n teminini beyan ve taahh\u00fct ederiz.\n\n \n\n\u0130\u015f sa\u011fl\u0131\u011f\u0131 ve g\u00fcvenli\u011fi risklerini belirleyerek \u00f6nceden \u00f6nlemlerini almak,\n\u0130\u015f kazalar\u0131 ve meslek hastal\u0131klar\u0131n\u0131n engellenmesi i\u00e7in belirlenen \u00f6nlemlerin uygulanmas\u0131n\u0131 sa\u011flamak,\nSa\u011fl\u0131kl\u0131 ve g\u00fcvenli bir \u00e7al\u0131\u015fma ortam\u0131 i\u00e7in uygun \u00e7al\u0131\u015fma ortam\u0131 olu\u015fturmak, g\u00fcvenli ekipman ve uygun teknoloji kullanmak,\n\u0130SG konular\u0131nda s\u00fcrekli iyile\u015ftirme sa\u011flamak,\n\u0130\u015f sa\u011fl\u0131\u011f\u0131 ve g\u00fcvenli\u011fi k\u00fclt\u00fcr\u00fc olu\u015fturmak ve bunu bir ya\u015fam bi\u00e7imi haline getirmek,\nY\u00fcr\u00fcrl\u00fckte bulunan \u0130SG ile ilgili yasal mevzuat, ilgili standartlar, idari d\u00fczenlemeler ve \u00fcyesi olunan kurulu\u015flar\u0131n kurallar\u0131na riayet etmek,\n\u0130\u015f Sa\u011fl\u0131\u011f\u0131 ve G\u00fcvenli\u011fi Y\u00f6netim Sistemimizin kat\u0131l\u0131m dan\u0131\u015fma uygulamalar\u0131n\u0131 geli\u015ftirerek t\u00fcm \u00e7al\u0131\u015fanlar\u0131m\u0131z\u0131 bu s\u00fcre\u00e7lere dahil etmek,\nHem do\u011frudan \u015firket personelinin hem de faydalan\u0131lan alt y\u00fcklenici \u00e7al\u0131\u015fanlar\u0131n\u0131n bireysel \u0130SG sorumluluklar\u0131n\u0131n fark\u0131nda olmalar\u0131n\u0131 sa\u011flamak amac\u0131yla e\u011fitimler vermek,\n\u015eartlara uygunlu\u011funun idame ettirilmesi i\u00e7in \u0130SG politikas\u0131n\u0131\u2019 n\u0131 periyodik olarak g\u00f6zden ge\u00e7irmek,\nKamu, \u00f6zel sekt\u00f6r kurulu\u015flar\u0131 ve sivil toplum \u00f6rg\u00fctleri ile edinilen \u0130SG tecr\u00fcbelerini kar\u015f\u0131l\u0131kl\u0131 olarak payla\u015fmak.\n\t\t\t\t\t<\/div>\n\t\t\t\t\n\t\t\t\t\t\t\t<\/div>\n\t\t\t\t\t\t<\/div>\n\t\t\t\t<\/div>\n\t\t\t\t<\/div>\n\t\t\t\t<div class=\"elementor-element elementor-element-18c2d04 elementor-cta--layout-image-right elementor-cta--skin-classic elementor-animated-content elementor-bg-transform elementor-bg-transform-zoom-in elementor-widget elementor-widget-call-to-action\" data-id=\"18c2d04\" data-element_type=\"widget\" data-widget_type=\"call-to-action.default\">\n\t\t\t\t<div class=\"elementor-widget-container\">\n\t\t\t\t\t<div class=\"elementor-cta\">\n\t\t\t\t\t<div class=\"elementor-cta__bg-wrapper\">\n\t\t\t\t<div class=\"elementor-cta__bg elementor-bg\" style=\"background-image: url(https:\/\/glasstechtrading.com\/wp-content\/uploads\/2023\/09\/sustainable-development-goals-still-life-1024x683.jpg);\" role=\"img\" aria-label=\"sustainable-development-goals-still-life\"><\/div>\n\t\t\t\t<div class=\"elementor-cta__bg-overlay\"><\/div>\n\t\t\t<\/div>\n\t\t\t\t\t\t\t<div class=\"elementor-cta__content\">\n\t\t\t\t\n\t\t\t\t<h2 class=\"elementor-cta__title elementor-cta__content-item elementor-content-item\">\u0130SG POL\u0130T\u0130KASI<\/h2>\n\t\t\t\t\t\t\t\t\t<div class=\"elementor-cta__description elementor-cta__content-item elementor-content-item\">\n\t\t\t\t\t\tKamac\u0131o\u011flu Sirketler Grubu, en \u00fcst kalite seviyesinde \u00fcretim faaliyetlerini\n\ny\u00fcr\u00fct\u00fcrken do\u011fal \u00e7evrenin korunmas\u0131n\u0131 da ama\u00e7 edinmi\u015ftir.Bu ba\u011flamda\n\nfaaliyetimiz bulunan her alanda, gelecek nesillerden \u00f6d\u00fcn\u00e7 ald\u0131\u011f\u0131m\u0131z \u00e7evre ile ilgili\n\nolarak a\u015fa\u011f\u0131da ki ilkeleri hayata ge\u00e7irmeyi taahh\u00fct ederiz.\n\n \n\n-S\u00fcrekli geli\u015fme anlay\u0131\u015f\u0131 i\u00e7erisinde hava, su, toprak, kirlenmesini \u00f6nlemek;\n\n\u2013  Y\u00fcr\u00fcrl\u00fckte bulunan \u00e7evre ile ilgili yasal mevzuat, idari d\u00fczenlemelere ve\n\nkendili\u011finden tabi olunan kurallara\n\nriayet etmek;\n\n\u2013 Tasar\u0131m faaliyetlerinin, proje uygulama safhalar\u0131ndaki \u00e7evre etkilerini en aza\n\nindirecek \u015fekilde ger\u00e7ekle\u015ftirilmesini sa\u011flamak;\n\n \n\n-Ko\u015fullara m\u00fcdahele edilemeyen durumlarda, \u00e7evre \u00fczerinde \u00f6nemli ve olumsuz etkileri olabilecek \u00fcretim faaliyetlerine dahil olmamak;\n\n\u201cM\u00fchendislik prensipleri \u00e7er\u00e7evesinde, faaliyetlerimizde \u00e7evre dostu girdiler\n\nkullanmak;\n\n \n\n-Kamu, \u00f6zel sekt\u00f6r kurulu\u015flar\u0131 ve sivil toplum \u00f6rg\u00fctleri ile edinilen \u00e7evre tecr\u00fcbelerini kar\u015f\u0131l\u0131kl\u0131 olarak payla\u015fmak;\n\n \n\n-\u00dcretim faaliyetleri kapsam\u0131nda do\u011fal kaynaklar\u0131n en etkin bi\u00e7imde kullan\u0131m\u0131na ve bu ba\u011flamda kaynak tasarrufu ve yeniden kazan\u0131m hususlar\u0131na gereken \u00f6zeni g\u00f6stermek;\n\n-T\u00fcm \u00e7al\u0131\u015fan, tedarik\u00e7i ve alt y\u00fcklenicilerin \u00e7evre bilincine ula\u015fmas\u0131n\u0131  sa\u011flamak i\u00e7in gerekli e\u011fitim ve \u00f6\u011fretimi temin etmek.\n\n \n\n\n\n\t\t\t\t\t<\/div>\n\t\t\t\t\n\t\t\t\t\t\t\t<\/div>\n\t\t\t\t\t\t<\/div>\n\t\t\t\t<\/div>\n\t\t\t\t<\/div>\n\t\t\t\t<div class=\"elementor-element elementor-element-00cc512 elementor-cta--layout-image-left elementor-cta--skin-classic elementor-animated-content elementor-bg-transform elementor-bg-transform-zoom-in elementor-widget elementor-widget-call-to-action\" data-id=\"00cc512\" data-element_type=\"widget\" data-widget_type=\"call-to-action.default\">\n\t\t\t\t<div class=\"elementor-widget-container\">\n\t\t\t\t\t<div class=\"elementor-cta\">\n\t\t\t\t\t<div class=\"elementor-cta__bg-wrapper\">\n\t\t\t\t<div class=\"elementor-cta__bg elementor-bg\" style=\"background-image: url(https:\/\/glasstechtrading.com\/wp-content\/uploads\/2023\/09\/rendering-illustration-teamwork-pictogram-people-with-scales-justice-1024x768.jpg);\" role=\"img\" aria-label=\"rendering-illustration-teamwork-pictogram-people-with-scales-justice\"><\/div>\n\t\t\t\t<div class=\"elementor-cta__bg-overlay\"><\/div>\n\t\t\t<\/div>\n\t\t\t\t\t\t\t<div class=\"elementor-cta__content\">\n\t\t\t\t\n\t\t\t\t<h2 class=\"elementor-cta__title elementor-cta__content-item elementor-content-item\">SOSYAL SORUMLULUK POL\u0130T\u0130KASI<\/h2>\n\t\t\t\t\t\t\t\t\t<div class=\"elementor-cta__description elementor-cta__content-item elementor-content-item\">\n\t\t\t\t\t\t\u0130\u015fletmeler, sadece \u00fcretim ve sat\u0131\u015f yapan klasik kurulu\u015flar de\u011fil, halka kar\u015f\u0131 sosyal sorumlulu\u011fu olan \u00e7a\u011fda\u015f kurulu\u015flar olmak durumundad\u0131rlar. Bu sosyal sorumlulu\u011fun ana hatlar\u0131 da do\u011fald\u0131r ki, i\u00e7inde faaliyet g\u00f6sterilen uluslar\u0131n k\u00fclt\u00fcrlerinden etkilenmektedir. T\u00fcrk k\u00fclt\u00fcr\u00fcn\u00fcn \u00f6zellikle davran\u0131\u015fsal boyutunda payla\u015f\u0131mc\u0131 ve samimi yakla\u015f\u0131mlar \u00f6n plana \u00e7\u0131kar. Kamac\u0131o\u011flu \u015eirketler Grubu olarak y\u0131llard\u0131r \u00e7ok sekt\u00f6rl\u00fc, geni\u015f bir faaliyet alan\u0131nda hizmette bulundu\u011fumuzdan, toplumla aram\u0131zda sa\u011fl\u0131kl\u0131 ileti\u015fim kanallar\u0131 da tabii ki bir bireylere birebir fayda sa\u011flayabilecek alanlar\u0131 kapsamal\u0131d\u0131r.\n\n\t\t\t\t\t<\/div>\n\t\t\t\t\n\t\t\t\t\t\t\t<\/div>\n\t\t\t\t\t\t<\/div>\n\t\t\t\t<\/div>\n\t\t\t\t<\/div>\n\t\t\t\t\t<\/div>\n\t\t<\/div>\n\t\t\t\t\t\t\t<\/div>\n\t\t<\/section>\n\t\t\t\t\t\t\t<\/div>\n\t\t","protected":false},"excerpt":{"rendered":"<p>\u0130SG POL\u0130T\u0130KASI KAMACIO\u011eLU \u015eirketler Grubu, en \u00fcst kalitede \u00fcretim faaliyetlerini y\u00fcr\u00fct\u00fcrken \u00e7al\u0131\u015fanlar\u0131n\u0131n i\u015f sa\u011fl\u0131\u011f\u0131 ve g\u00fcvenli\u011finin istisnas\u0131z korunmas\u0131 ve \u00e7al\u0131\u015fma ortam\u0131n\u0131n s\u00fcrekli iyile\u015ftirilmesi hususunu ana ama\u00e7lar\u0131 aras\u0131nda saymaktad\u0131r. Bu ba\u011flamda a\u015fa\u011f\u0131daki hususlar\u0131n teminini beyan ve taahh\u00fct ederiz. \u0130\u015f sa\u011fl\u0131\u011f\u0131 ve g\u00fcvenli\u011fi risklerini belirleyerek \u00f6nceden \u00f6nlemlerini almak, \u0130\u015f kazalar\u0131 ve meslek hastal\u0131klar\u0131n\u0131n engellenmesi i\u00e7in belirlenen \u00f6nlemlerin [&hellip;]<\/p>\n","protected":false},"author":1,"featured_media":0,"parent":0,"menu_order":0,"comment_status":"closed","ping_status":"closed","template":"elementor_header_footer","meta":{"footnotes":""},"class_list":["post-994","page","type-page","status-publish","hentry"],"_links":{"self":[{"href":"https:\/\/glasstechtrading.com\/index.php\/wp-json\/wp\/v2\/pages\/994","targetHints":{"allow":["GET"]}}],"collection":[{"href":"https:\/\/glasstechtrading.com\/index.php\/wp-json\/wp\/v2\/pages"}],"about":[{"href":"https:\/\/glasstechtrading.com\/index.php\/wp-json\/wp\/v2\/types\/page"}],"author":[{"embeddable":true,"href":"https:\/\/glasstechtrading.com\/index.php\/wp-json\/wp\/v2\/users\/1"}],"replies":[{"embeddable":true,"href":"https:\/\/glasstechtrading.com\/index.php\/wp-json\/wp\/v2\/comments?post=994"}],"version-history":[{"count":4,"href":"https:\/\/glasstechtrading.com\/index.php\/wp-json\/wp\/v2\/pages\/994\/revisions"}],"predecessor-version":[{"id":1002,"href":"https:\/\/glasstechtrading.com\/index.php\/wp-json\/wp\/v2\/pages\/994\/revisions\/1002"}],"wp:attachment":[{"href":"https:\/\/glasstechtrading.com\/index.php\/wp-json\/wp\/v2\/media?parent=994"}],"curies":[{"name":"wp","href":"https:\/\/api.w.org\/{rel}","templated":true}]}}